[INFO] fetching crate d3d12 0.4.0...
[INFO] building d3d12-0.4.0 against master#ff34b919075f35a1787659e9c448a34b06bab8de for issue-85264
[INFO] extracting crate d3d12 0.4.0 into /workspace/builds/worker-0/source
[INFO] validating manifest of crates.io crate d3d12 0.4.0 on toolchain ff34b919075f35a1787659e9c448a34b06bab8de
[INFO] running `Command { std: "/workspace/cargo-home/bin/cargo" "+ff34b919075f35a1787659e9c448a34b06bab8de" "metadata" "--manifest-path" "Cargo.toml" "--no-deps", kill_on_drop: false }`
[INFO] started tweaking crates.io crate d3d12 0.4.0
[INFO] finished tweaking crates.io crate d3d12 0.4.0
[INFO] tweaked toml for crates.io crate d3d12 0.4.0 written to /workspace/builds/worker-0/source/Cargo.toml
[INFO] running `Command { std: "/workspace/cargo-home/bin/cargo" "+ff34b919075f35a1787659e9c448a34b06bab8de" "generate-lockfile" "--manifest-path" "Cargo.toml" "-Zno-index-update", kill_on_drop: false }`
[INFO] running `Command { std: "/workspace/cargo-home/bin/cargo" "+ff34b919075f35a1787659e9c448a34b06bab8de" "fetch" "--manifest-path" "Cargo.toml", kill_on_drop: false }`
[INFO] running `Command { std: "docker" "create" "-v" "/var/lib/crater-agent-workspace/builds/worker-0/target:/opt/rustwide/target:rw,Z" "-v" "/var/lib/crater-agent-workspace/builds/worker-0/source:/opt/rustwide/workdir:ro,Z" "-v" "/var/lib/crater-agent-workspace/cargo-home:/opt/rustwide/cargo-home:ro,Z" "-v" "/var/lib/crater-agent-workspace/rustup-home:/opt/rustwide/rustup-home:ro,Z" "-e" "SOURCE_DIR=/opt/rustwide/workdir" "-e" "CARGO_TARGET_DIR=/opt/rustwide/target" "-e" "CARGO_HOME=/opt/rustwide/cargo-home" "-e" "RUSTUP_HOME=/opt/rustwide/rustup-home" "-w" "/opt/rustwide/workdir" "-m" "1610612736" "--user" "0:0" "--network" "none" "ghcr.io/rust-lang/crates-build-env/linux@sha256:20528e8c29e4536546f0102ce88568b16ea7538393a33fcca951030f7af10457" "/opt/rustwide/cargo-home/bin/cargo" "+ff34b919075f35a1787659e9c448a34b06bab8de" "metadata" "--no-deps" "--format-version=1", kill_on_drop: false }`
[INFO] [stdout] 2f1de044ac1b254e7aec7e75ca695a482fd66c97892e70158b49f1070a6ceda3
[INFO] [stderr] WARNING: Your kernel does not support swap limit capabilities or the cgroup is not mounted. Memory limited without swap.
[INFO] running `Command { std: "docker" "start" "-a" "2f1de044ac1b254e7aec7e75ca695a482fd66c97892e70158b49f1070a6ceda3", kill_on_drop: false }`
[INFO] running `Command { std: "docker" "inspect" "2f1de044ac1b254e7aec7e75ca695a482fd66c97892e70158b49f1070a6ceda3", kill_on_drop: false }`
[INFO] running `Command { std: "docker" "rm" "-f" "2f1de044ac1b254e7aec7e75ca695a482fd66c97892e70158b49f1070a6ceda3", kill_on_drop: false }`
[INFO] [stdout] 2f1de044ac1b254e7aec7e75ca695a482fd66c97892e70158b49f1070a6ceda3
[INFO] running `Command { std: "docker" "create" "-v" "/var/lib/crater-agent-workspace/builds/worker-0/target:/opt/rustwide/target:rw,Z" "-v" "/var/lib/crater-agent-workspace/builds/worker-0/source:/opt/rustwide/workdir:ro,Z" "-v" "/var/lib/crater-agent-workspace/cargo-home:/opt/rustwide/cargo-home:ro,Z" "-v" "/var/lib/crater-agent-workspace/rustup-home:/opt/rustwide/rustup-home:ro,Z" "-e" "SOURCE_DIR=/opt/rustwide/workdir" "-e" "CARGO_TARGET_DIR=/opt/rustwide/target" "-e" "CARGO_INCREMENTAL=0" "-e" "RUST_BACKTRACE=full" "-e" "RUSTFLAGS=--cap-lints=forbid" "-e" "CARGO_HOME=/opt/rustwide/cargo-home" "-e" "RUSTUP_HOME=/opt/rustwide/rustup-home" "-w" "/opt/rustwide/workdir" "-m" "1610612736" "--user" "0:0" "--network" "none" "ghcr.io/rust-lang/crates-build-env/linux@sha256:20528e8c29e4536546f0102ce88568b16ea7538393a33fcca951030f7af10457" "/opt/rustwide/cargo-home/bin/cargo" "+ff34b919075f35a1787659e9c448a34b06bab8de" "build" "--frozen" "--message-format=json", kill_on_drop: false }`
[INFO] [stdout] 9b0295f06e13539cbc5051dee1f6ba292c5ce52922760cb903b58e7852bf5e18
[INFO] [stderr] WARNING: Your kernel does not support swap limit capabilities or the cgroup is not mounted. Memory limited without swap.
[INFO] running `Command { std: "docker" "start" "-a" "9b0295f06e13539cbc5051dee1f6ba292c5ce52922760cb903b58e7852bf5e18", kill_on_drop: false }`
[INFO] [stderr]    Compiling winapi v0.3.9
[INFO] [stderr]    Compiling d3d12 v0.4.0 (/opt/rustwide/workdir)
[INFO] [stdout] error[E0432]: unresolved imports `winapi::shared`, `winapi::um`
[INFO] [stdout]  --> src/lib.rs:6:5
[INFO] [stdout]   |
[INFO] [stdout] 6 |     shared::dxgiformat,
[INFO] [stdout]   |     ^^^^^^ could not find `shared` in `winapi`
[INFO] [stdout] 7 |     um::{d3d12, d3dcommon},
[INFO] [stdout]   |     ^^ could not find `um` in `winapi`
[INFO] [stdout] 
[INFO] [stdout] 
[INFO] [stdout] error[E0433]: failed to resolve: could not find `um` in `winapi`
[INFO] [stdout]  --> src/com.rs:8:30
[INFO] [stdout]   |
[INFO] [stdout] 8 | use winapi::{ctypes::c_void, um::unknwnbase::IUnknown, Interface};
[INFO] [stdout]   |                              ^^ could not find `um` in `winapi`
[INFO] [stdout] 
[INFO] [stdout] 
[INFO] [stdout] error[E0432]: unresolved imports `winapi::ctypes`, `winapi::Interface`
[INFO] [stdout]  --> src/com.rs:8:14
[INFO] [stdout]   |
[INFO] [stdout] 8 | use winapi::{ctypes::c_void, um::unknwnbase::IUnknown, Interface};
[INFO] [stdout]   |              ^^^^^^                                    ^^^^^^^^^ no `Interface` in the root
[INFO] [stdout]   |              |
[INFO] [stdout]   |              could not find `ctypes` in `winapi`
[INFO] [stdout] 
[INFO] [stdout] 
[INFO] [stdout] error[E0432]: unresolved import `winapi::um`
[INFO] [stdout]  --> src/command_allocator.rs:4:13
[INFO] [stdout]   |
[INFO] [stdout] 4 | use winapi::um::d3d12;
[INFO] [stdout]   |             ^^ could not find `um` in `winapi`
[INFO] [stdout] 
[INFO] [stdout] 
[INFO] [stdout] error[E0432]: unresolved import `winapi::um`
[INFO] [stdout]  --> src/command_list.rs:9:13
[INFO] [stdout]   |
[INFO] [stdout] 9 | use winapi::um::d3d12;
[INFO] [stdout]   |             ^^ could not find `um` in `winapi`
[INFO] [stdout] 
[INFO] [stdout] 
[INFO] [stdout] error[E0432]: unresolved import `winapi::um`
[INFO] [stdout]  --> src/debug.rs:2:13
[INFO] [stdout]   |
[INFO] [stdout] 2 | use winapi::um::d3d12sdklayers;
[INFO] [stdout]   |             ^^ could not find `um` in `winapi`
[INFO] [stdout] 
[INFO] [stdout] 
[INFO] [stdout] error[E0432]: unresolved imports `winapi::shared`, `winapi::um`
[INFO] [stdout]  --> src/descriptor.rs:3:14
[INFO] [stdout]   |
[INFO] [stdout] 3 | use winapi::{shared::dxgiformat, um::d3d12};
[INFO] [stdout]   |              ^^^^^^              ^^ could not find `um` in `winapi`
[INFO] [stdout]   |              |
[INFO] [stdout]   |              could not find `shared` in `winapi`
[INFO] [stdout] 
[INFO] [stdout] 
[INFO] [stdout] error[E0432]: unresolved imports `winapi::um`, `winapi::Interface`
[INFO] [stdout]   --> src/device.rs:13:14
[INFO] [stdout]    |
[INFO] [stdout] 13 | use winapi::{um::d3d12, Interface};
[INFO] [stdout]    |              ^^         ^^^^^^^^^ no `Interface` in the root
[INFO] [stdout]    |              |
[INFO] [stdout]    |              could not find `um` in `winapi`
[INFO] [stdout] 
[INFO] [stdout] 
[INFO] [stdout] error[E0433]: failed to resolve: could not find `shared` in `winapi`
[INFO] [stdout]  --> src/dxgi.rs:4:5
[INFO] [stdout]   |
[INFO] [stdout] 4 |     shared::{dxgi, dxgi1_2, dxgi1_3, dxgi1_4, dxgiformat, dxgitype, windef::HWND},
[INFO] [stdout]   |     ^^^^^^ could not find `shared` in `winapi`
[INFO] [stdout] 
[INFO] [stdout] 
[INFO] [stdout] error[E0432]: unresolved imports `winapi::shared`, `winapi::um`, `winapi::Interface`
[INFO] [stdout]  --> src/dxgi.rs:4:5
[INFO] [stdout]   |
[INFO] [stdout] 4 |     shared::{dxgi, dxgi1_2, dxgi1_3, dxgi1_4, dxgiformat, dxgitype, windef::HWND},
[INFO] [stdout]   |     ^^^^^^ could not find `shared` in `winapi`
[INFO] [stdout] 5 |     um::{d3d12, dxgidebug},
[INFO] [stdout]   |     ^^ could not find `um` in `winapi`
[INFO] [stdout] 6 |     Interface,
[INFO] [stdout]   |     ^^^^^^^^^ no `Interface` in the root
[INFO] [stdout] 
[INFO] [stdout] 
[INFO] [stdout] error[E0432]: unresolved import `winapi::um`
[INFO] [stdout]  --> src/heap.rs:2:13
[INFO] [stdout]   |
[INFO] [stdout] 2 | use winapi::um::d3d12;
[INFO] [stdout]   |             ^^ could not find `um` in `winapi`
[INFO] [stdout] 
[INFO] [stdout] 
[INFO] [stdout] error[E0432]: unresolved import `winapi::um`
[INFO] [stdout]  --> src/pso.rs:5:13
[INFO] [stdout]   |
[INFO] [stdout] 5 | use winapi::um::{d3d12, d3dcompiler};
[INFO] [stdout]   |             ^^ could not find `um` in `winapi`
[INFO] [stdout] 
[INFO] [stdout] 
[INFO] [stdout] error[E0432]: unresolved import `winapi::um`
[INFO] [stdout]  --> src/query.rs:2:13
[INFO] [stdout]   |
[INFO] [stdout] 2 | use winapi::um::d3d12;
[INFO] [stdout]   |             ^^ could not find `um` in `winapi`
[INFO] [stdout] 
[INFO] [stdout] 
[INFO] [stdout] error[E0432]: unresolved import `winapi::um`
[INFO] [stdout]  --> src/queue.rs:2:13
[INFO] [stdout]   |
[INFO] [stdout] 2 | use winapi::um::d3d12;
[INFO] [stdout]   |             ^^ could not find `um` in `winapi`
[INFO] [stdout] 
[INFO] [stdout] 
[INFO] [stdout] error[E0432]: unresolved import `winapi::um`
[INFO] [stdout]  --> src/resource.rs:5:13
[INFO] [stdout]   |
[INFO] [stdout] 5 | use winapi::um::d3d12;
[INFO] [stdout]   |             ^^ could not find `um` in `winapi`
[INFO] [stdout] 
[INFO] [stdout] 
[INFO] [stdout] error[E0433]: failed to resolve: could not find `shared` in `winapi`
[INFO] [stdout]   --> src/lib.rs:38:17
[INFO] [stdout]    |
[INFO] [stdout] 38 | pub use winapi::shared::winerror::HRESULT;
[INFO] [stdout]    |                 ^^^^^^ could not find `shared` in `winapi`
[INFO] [stdout] 
[INFO] [stdout] 
[INFO] [stdout] error[E0432]: unresolved import `winapi::um`
[INFO] [stdout]  --> src/sync.rs:3:13
[INFO] [stdout]   |
[INFO] [stdout] 3 | use winapi::um::{d3d12, synchapi, winnt};
[INFO] [stdout]   |             ^^ could not find `um` in `winapi`
[INFO] [stdout] 
[INFO] [stdout] 
[INFO] [stdout] error[E0432]: unresolved import `crate::HRESULT`
[INFO] [stdout]  --> src/command_list.rs:6:76
[INFO] [stdout]   |
[INFO] [stdout] 6 |     RootSignature, Subresource, VertexCount, VertexOffset, WorkGroupCount, HRESULT,
[INFO] [stdout]   |                                                                            ^^^^^^^ no `HRESULT` in the root
[INFO] [stdout] 
[INFO] [stdout] 
[INFO] [stdout] error[E0432]: unresolved import `crate::HRESULT`
[INFO] [stdout]  --> src/dxgi.rs:1:74
[INFO] [stdout]   |
[INFO] [stdout] 1 | use crate::{com::WeakPtr, CommandQueue, D3DResult, Resource, SampleDesc, HRESULT};
[INFO] [stdout]   |                                                                          ^^^^^^^ no `HRESULT` in the root
[INFO] [stdout] 
[INFO] [stdout] 
[INFO] [stdout] error[E0432]: unresolved import `crate::HRESULT`
[INFO] [stdout]  --> src/queue.rs:1:53
[INFO] [stdout]   |
[INFO] [stdout] 1 | use crate::{com::WeakPtr, sync::Fence, CommandList, HRESULT};
[INFO] [stdout]   |                                                     ^^^^^^^ no `HRESULT` in the root
[INFO] [stdout] 
[INFO] [stdout] 
[INFO] [stdout] error[E0432]: unresolved import `crate::HRESULT`
[INFO] [stdout]  --> src/sync.rs:1:27
[INFO] [stdout]   |
[INFO] [stdout] 1 | use crate::{com::WeakPtr, HRESULT};
[INFO] [stdout]   |                           ^^^^^^^ no `HRESULT` in the root
[INFO] [stdout] 
[INFO] [stdout] 
[INFO] [stdout] error[E0412]: cannot find type `IUnknown` in this scope
[INFO] [stdout]   --> src/com.rs:40:41
[INFO] [stdout]    |
[INFO] [stdout] 40 |     pub unsafe fn as_unknown(&self) -> &IUnknown {
[INFO] [stdout]    |                                         ^^^^^^^^ not found in this scope
[INFO] [stdout] 
[INFO] [stdout] 
[INFO] [stdout] error[E0412]: cannot find type `IUnknown` in this scope
[INFO] [stdout]   --> src/com.rs:42:27
[INFO] [stdout]    |
[INFO] [stdout] 42 |         &*(self.0 as *mut IUnknown)
[INFO] [stdout]    |                           ^^^^^^^^ not found in this scope
[INFO] [stdout] 
[INFO] [stdout] 
[INFO] [stdout] error[E0412]: cannot find type `HWND` in this scope
[INFO] [stdout]    --> src/dxgi.rs:121:15
[INFO] [stdout]     |
[INFO] [stdout] 121 |         hwnd: HWND,
[INFO] [stdout]     |               ^^^^ not found in this scope
[INFO] [stdout] 
[INFO] [stdout] 
[INFO] [stdout] error[E0412]: cannot find type `HRESULT` in this scope
[INFO] [stdout]   --> src/lib.rs:40:29
[INFO] [stdout]    |
[INFO] [stdout] 40 | pub type D3DResult<T> = (T, HRESULT);
[INFO] [stdout]    |                             ^^^^^^^ not found in this scope
[INFO] [stdout] 
[INFO] [stdout] 
[INFO] [stdout] error: aborting due to 25 previous errors
[INFO] [stdout] 
[INFO] [stdout] 
[INFO] [stdout] Some errors have detailed explanations: E0412, E0432, E0433.
[INFO] [stdout] 
[INFO] [stdout] For more information about an error, try `rustc --explain E0412`.
[INFO] [stdout] 
[INFO] [stderr] error: could not compile `d3d12`
[INFO] [stderr] 
[INFO] [stderr] To learn more, run the command again with --verbose.
[INFO] running `Command { std: "docker" "inspect" "9b0295f06e13539cbc5051dee1f6ba292c5ce52922760cb903b58e7852bf5e18", kill_on_drop: false }`
[INFO] running `Command { std: "docker" "rm" "-f" "9b0295f06e13539cbc5051dee1f6ba292c5ce52922760cb903b58e7852bf5e18", kill_on_drop: false }`
[INFO] [stdout] 9b0295f06e13539cbc5051dee1f6ba292c5ce52922760cb903b58e7852bf5e18
